?
2
What is the hundreds digit of 8396?
3
What is the tens digit of 1049?
4
What is the thousands digit of 37969?
7
What is the tens digit of 41407?
0
What is the thousands digit of 25464?
5
What is the units digit of 1347?
7
What is the hundreds digit of 35932?
9
What is the hundreds digit of 1031?
0
What is the ten thousands digit of 14243?
1
What is the units digit of 465?
5
What is the hundreds digit of 13462?
4
What is the thousands digit of 1996?
1
What is the hundreds digit of 8873?
8
What is the hundreds digit of 395?
3
What is the tens digit of 5506?
0
What is the units digit of 345?
5
What is the units digit of 1813?
3
What is the tens digit of 139952?
5
What is the units digit of 12134?
4
What is the units digit of 1644?
4
What is the units digit of 17198?
8
What is the hundreds digit of 3104?
1
What is the units digit of 37009?
9
What is the hundreds digit of 1506?
5
What is the units digit of 20719?
9
What is the units digit of 28?
8
What is the units digit of 653?
3
What is the units digit of 1343?
3
What is the units digit of 1615?
5
What is the units digit of 3067?
7
What is the units digit of 26179?
9
What is the hundreds digit of 69118?
1
What is the hundreds digit of 3144?
1
What is the ten thousands digit of 26501?
2
What is the thousands digit of 1945?
1
What is the units digit of 1242?
2
What is the units digit of 45385?
5
What is the tens digit of 135307?
0
What is the hundreds digit of 222?
2
What is the thousands digit of 24109?
4
What is the units digit of 11101?
1
What is the hundred thousands digit of 157725?
1
What is the hundreds digit of 686?
6
What is the hundreds digit of 2140?
1
What is the ten thousands digit of 81368?
8
What is the units digit of 16258?
8
What is the units digit of 5149?
9
What is the tens digit of 575?
7
What is the hundreds digit of 1797?
7
What is the units digit of 5216?
6
What is the ten thousands digit of 28623?
2
What is the hundreds digit of 850?
8
What is the ten thousands digit of 11458?
1
What is the thousands digit of 34705?
4
What is the ten thousands digit of 14610?
1
What is the thousands digit of 13394?
3
What is the units digit of 14?
4
What is the ten thousands digit of 11951?
1
What is the tens digit of 761?
6
What is the thousands digit of 7754?
7
What is the hundreds digit of 813?
8
What is the hundreds digit of 1369?
3
What is the hundreds digit of 11031?
0
What is the ten thousands digit of 85465?
8
What is the thousands digit of 9798?
9
What is the tens digit of 788?
8
What is the units digit of 1364?
4
What is the units digit of 3495?
5
What is the units digit of 33744?
4
What is the hundreds digit of 2266?
2
What is the tens digit of 7281?
8
What is the thousands digit of 1109?
1
What is the units digit of 803?
3
What is the hundreds digit of 6461?
4
What is the thousands digit of 34512?
4
What is the units digit of 5894?
4
What is the hundreds digit of 18860?
8
What is the thousands digit of 5355?
5
What is the hundreds digit of 997?
9
What is the ten thousands digit of 89655?
8
What is the tens digit of 44758?
5
What is the thousands digit of 15185?
5
What is the ten thousands digit of 15649?
1
What is the hundreds digit of 17207?
2
What is the tens digit of 3943?
4
What is the tens digit of 368?
6
What is the hundreds digit of 6700?
7
What is the thousands digit of 2512?
2
What is the ten thousands digit of 76111?
7
What is the units digit of 22305?
5
What is the units digit of 1794?
4
What is the tens digit of 876?
7
What is the thousands digit of 6355?
6
What is the thousands digit of 1240?
1
What is the thousands digit of 66073?
6
What is the units digit of 617?
7
What is the units digit of 1004?
4
What is the units digit of 2412?
2
What is the units digit of 8288?
8
What is the tens digit of 16684?
8
What is the units digit of 984?
4
What is the units digit of 4586?
6
What is the hundreds digit of 3485?
4
What is the tens digit of 104?
0
What is the hundreds digit of 2017?
0
What is the units digit of 19621?
1
What is the tens digit of 655?
5
What is the thousands digit of 20593?
0
What is the tens digit of 923?
2
What is the units digit of 27257?
7
What is the hundreds digit of 667?
6
What is the ten thousands digit of 26012?
2
What is the hundreds digit of 6627?
6
What is the units digit of 3651?
1
What is the tens digit of 7493?
9
What is the units digit of 302?
2
What is the units digit of 48254?
4
What is the ten thousands digit of 33376?
3
What is the units digit of 5054?
4
What is the ten thousands digit of 21782?
2
What is the units digit of 3227?
7
What is the units digit of 2672?
2
What is the hundreds digit of 2053?
0
What is the units digit of 6484?
4
What is the tens digit of 550?
5
What is the hundreds digit of 292?
2
What is the tens digit of 1425?
2
What is the units digit of 999?
9
What is the ten thousands digit of 53824?
5
What is the tens digit of 81912?
1
What is the tens digit of 6128?
2
What is the tens digit of 1240?
4
What is the tens digit of 18816?
1
What is the tens digit of 26373?
7
What is the thousands digit of 10599?
0
What is the hundreds digit of 29680?
6
What is the tens digit of 203?
0
What is the hundreds digit of 78919?
9
What is the thousands digit of 71755?
1
What is the tens digit of 707?
0
What is the hundreds digit of 334?
3
What is the hundreds digit of 28312?
3
What is the units digit of 1068?
8
What is the units digit of 47?
7
What is the tens digit of 693?
9
What is the hundred thousands digit of 133322?
1
What is the units digit of 1885?
5
What is the units digit of 1230?
0
What is the tens digit of 19359?
5
What is the ten thousands digit of 44884?
4
What is the thousands digit of 4418?
4
What is the hundreds digit of 24089?
0
What is the thousands digit of 8288?
8
What is the thousands digit of 1371?
1
What is the tens digit of 646?
4
What is the hundreds digit of 1301?
3
What is the units digit of 3821?
1
What is the units digit of 7142?
2
What is the units digit of 148?
8
What is the tens digit of 1275?
7
What is the hundreds digit of 3032?
0
What is the tens digit of 1225?
2
What is the tens digit of 13930?
3
What is the hundreds digit of 5041?
0
What is the thousands digit of 1690?
1
What is the units digit of 11921?
1
What is the units digit of 2173?
3
What is the tens digit of 2073?
7
What is the hundreds digit of 41663?
6
What is the units digit of 9161?
1
What is the thousands digit of 1938?
1
What is the units digit of 622?
2
What is the units digit of 964?
4
What is the units digit of 25134?
4
What is the units digit of 9749?
9
What is the hundreds digit of 9226?
2
What is the tens digit of 417?
1
What is the tens digit of 335?
3
What is the tens digit of 21664?
6
What is the hundreds digit of 4377?
3
What is the units digit of 6483?
3
What is the thousands digit of 11413?
1
What is the tens digit of 8372?
7
What is the thousands digit of 38336?
8
What is the units digit of 14701?
1
What is the hundreds digit of 26786?
7
What is the tens digit of 29458?
5
What is the tens digit of 14462?
6
What is the hundreds digit of 14708?
7
What is the units digit of 596?
6
What is the units digit of 1648?
8
What is the tens digit of 52830?
3
What is the hundreds digit of 31372?
3
What is the units digit of 179?
9
What is the tens digit of 800?
0
What is the thousands digit of 34682?
4
What is the thousands digit of 2878?
2
What is the tens digit of 3988?
8
What is the hundreds digit of 24092?
0
What is the units digit of 7900?
0
What is the units digit of 119528?
8
What is the thousands digit of 1824?
1
What is the hundreds digit of 11840?
8
What is the thousands digit of 4511?
4
What is the tens digit of 21493?
9
What is the ten thousands digit of 20266?
2
What is the thousands digit of 1312?
1
What is the units digit of 6091?
1
What is the tens digit of 11821?
2
What is the hundreds digit of 251?
2
What is the hundreds digit of 84380?
3
What is the ten thousands digit of 14473?
1
What is the hundreds digit of 40758?
7
What is the units digit of 2596?
6
What is the tens digit of 1440?
4
What is the tens digit of 9402?
0
What is the hundreds digit of 1329?
3
What is the units digit of 3500?
0
What is the hundreds digit of 62567?
5
What is the tens digit of 559?
5
What is the units digit of 101794?
4
What is